 4. What is f(2)?
-8
Let c(w) be the first derivative of -w**6/120 - w**5/6 - 17*w**4/24 + 13*w**2 + 3*w - 106. Let d(t) be the second derivative of c(t). Give d(-8).
8
Let u(g) be the third derivative of -11*g**4/24 - 43*g**3/6 + 2937*g**2. Determine u(-4).
1
Let w(m) = m + 2. Let a(o) = 5*o + 7. Let j(z) = 2*a(z) - 9*w(z). Suppose -3*x + 162 = -5*x. Let l = x - -85. Give j(l).
0
Let n(w) = w**3 + 42*w**2 - 44*w - 30. Suppose 2623 = -a - 60*a. What is n(a)?
13
Let j(v) = v**3 - 12*v**2 - v - 22. Let a(n) = 3*n**2 - 88*n - 388. Let t be a(-4). Calculate j(t).
-34
Suppose c - 4*k - 18 = 0, 18*c - k + 69 = 23*c. Let a(y) = y**2 - 11*y - 68. Calculate a(c).
-26
Let k(q) = -2*q**3 + 2*q**2 + q + 2. Let d(t) = -t**2. Let x(n) = -5*d(n) - k(n). Suppose -3 = 4*p - 11, 4*b + 20 = 2*p. Let l be b/3*12/8. What is x(l)?
-4
Let w(b) = -b**2 - 3*b. Let h be w(0). Let f(g) = g**2 + 12*g - 3. Determine f(h).
-3
Suppose -16*m - 55 = -6*m + 55. Let g(u) = -u**3 - 10*u**2 + 11*u + 15. Determine g(m).
15
Let p(q) = q + 3. Let c(w) = -68 + 212 + 2*w - 66 - 71. Let d(l) = -3*c(l) + 5*p(l). Determine d(7).
-13
Let q(z) = z**2 - 15*z + 11. Let u be (-1 - -11)/10 - (2 + -16). Give q(u).
11
Let x be (-80)/6 + (-21)/(-189) + (-2)/(-9). Let v(j) = j**3 + 14*j**2 + 9*j - 29. Give v(x).
23
Let f = -3807 + 3813. Let q(t) = -8*t**2 + 50*t - 6. What is q(f)?
6
Let w(k) be the first derivative of -4*k - 2 + 9/2*k**2. Give w(3).
23
Let m(f) = -4*f + 28 - 85677*f**2 + 15*f + 85678*f**2 + 5*f. What is m(-14)?
0
Let m be 18/(-12)*2/3. Let z be m + (-2 - (-3 + 2)). Let v(s) = -1 - s + 8 + s**3 - 8 + 3*s**2. What is v(z)?
5
Let b(x) = 4*x + 0*x + 6738 - 3373 - 3203 - 17*x. Calculate b(12).
6
Let t(c) = -13*c**3 - 9*c**2 + 9*c - 20. Let u(b) = 3*b**3 + 2*b**2 - 2*b + 5. Let l(i) = -2*t(i) - 9*u(i). Suppose -240*z = -2*z. What is l(z)?
-5
Let z be (-413)/140*-8 + 4/10. Let c(u) = -7 - 6*u**2 + z + 2*u**3 - 5 - 7 - u. Determine c(4).
33
Let x(d) = -d**2 - d. Let p be x(-2). Let n be 9 + (p - -3) + -6. Let b(a) = 14*a**2 - 13*a**2 - 10*a + 4 + n. Calculate b(10).
8
Suppose -p = 3*b - 7, -4*p + 5*p + 9 = 5*b. Let n(m) = -14 - 6*m + 7*m - b*m. What is n(0)?
-14
Let l(u) = 5*u**2 - 2*u - 1. Let w(k) = -6*k**2 + 14. Let x(d) = -l(d) - w(d). Calculate x(-6).
11
Let k(u) be the first derivative of u**7/840 - u**6/90 - 7*u**5/120 + u**4/24 - u**3 - 18*u + 47. Let f(q) be the third derivative of k(q). Calculate f(5).
-9
Let i = -131 + 145. Suppose i = 4*y - 5*x, 3*y - 3*x = -x + 14. Let o(w) = w**3 - 2*w**2 + 4*w - w**2 - 4*w**2. Give o(y).
-12
Let w(i) = i**3 + 6*i**2 + 6*i + 8. Let o be w(-5). Suppose 3*t = u - t - 28, o*u + 4*t - 148 = 0. Let x = 48 - u. Let y(l) = -l**2 + 5*l - 6. Calculate y(x).
-2
Let q(d) = d + 5. Suppose -41*f = -44*f. Suppose 4*b + 8 = f, -6*b + 8*b = 3*i + 23. Determine q(i).
-4
Let o(u) = 3*u**2 - 2*u - 2. Let i be 18/(-3) - (-43 - -3). Suppose 40*x - 23*x = i. What is o(x)?
6
Suppose 0 = -5*k - 20, -2*v + 5*k + 16 = -v. Let f(y) = 7*y**3 - y**2 - 6*y + 8. Let q(a) = -2*a**3 - a**2 + a - 1. Let o(d) = f(d) + 4*q(d). Calculate o(v).
-4
Let p(v) = -1368 + 2550 + 3*v - 1182. What is p(16)?
48
Let r(y) be the first derivative of y**4/4 + 2*y**3 + 7*y**2/2 + 6*y - 60. Suppose -317*l + 12 = -320*l. What is r(l)?
10
Let g(o) be the second derivative of -o**4/6 - o**3/2 + o**2 + 13*o - 68. Suppose 0 = b + 4*a - 18, 1 = -4*b - a - 2. Let i be (2 - 0)/b*3. Determine g(i).
-7
Let c(f) be the third derivative of f**6/120 - f**4/24 + 4*f**3/3 + 260*f**2. Suppose -d = x - 4*x, 2*d = -2*x. Calculate c(d).
8
Let r be 4/18 - -1*175/63. Let j(d) be the second derivative of d**3/6 - 297*d. Give j(r).
3
Let u(h) = -4*h**2 - h**2 + 5*h**2 - 3*h**2 - 2*h + 29 - h**3 - 4*h**2. Determine u(-6).
5
Let s(i) be the first derivative of -8*i**2 + 34 + 3/2*i**3 + 1/12*i**4 - 3*i. Let p(w) be the first derivative of s(w). Give p(-11).
6
Let b(k) = -10*k**2 - 3*k - 3. Let p = -27974 + 27973. What is b(p)?
-10
Suppose 19*y - 3400 = 9*y. Suppose -339*u = -y*u + 3. Let v(j) be the first derivative of j**4/4 - 2*j**3/3 - j**2 - j - 2. Determine v(u).
2
Let z be -1*(-1 - (2 + 2)). Let n = -151 + 159. Let s(g) = -z + n - 7 + 2 - 4*g. Calculate s(2).
-10
Let s = 675 - 633. Suppose -s = -3*o - 45. Let q(h) be the first derivative of -3*h**2/2 + h - 1. Determine q(o).
4
Let d(b) = 7*b**2 - 52*b - 11. Let g(l) = 8*l**2 - 65*l - 10. Let r(f) = 7*d(f) - 6*g(f). Calculate r(-24).
-65
Let i(h) = 3202964 - 3202971 - 2*h + 0*h. Give i(3).
-13
Let w(r) be the second derivative of 8*r**3 + 227*r**2/2 - 3666*r. Determine w(-5).
-13
Let t(v) = v**3 - 9*v**2 + v - 12. Suppose 11 + 1 = -3*o. Let r = o + 13. Determine t(r).
-3
Let v(y) = y**3 + 3*y**2 - 3*y + 1. Let c(l) = -l**3. Let i be 10/12 - (-8)/48. Let n(r) = i*v(r) + 2*c(r). Calculate n(3).
-8
Let w(k) = 5 + k**3 + 21*k - 132*k**2 + 65*k**2 + 58*k**2. Determine w(7).
54
Let s(m) = 18*m**2 - 85*m - 10. Let n be (-14 - 550/(-40))/(1/(-20)). Let t be s(n). Let v(p) = -2*p + 25. Determine v(t).
-5
Let a be (-3)/24 - (20 - (-1958)/(-176)). Let k(i) = -8*i - 90. Give k(a).
-18
Let w(u) be the second derivative of 7*u**3/6 + 10*u**2 - 146*u + 1. Give w(-3).
-1
Let m(s) = -2118*s + 515*s + s**2 + 531*s + 536*s - 68 + 516*s. Give m(23).
1
Let m(w) = 4*w + 9820121 - 9820134 + 4*w**2 + 2*w + 14*w + 2*w. Give m(-6).
-1
Let s(x) be the third derivative of -x**5/60 - 11*x**4/24 - 5*x**3 - 1028*x**2. Give s(-7).
-2
Let z(a) be the second derivative of 40*a**3/3 - 198*a**2 + 17*a - 247. Give z(5).
4
Let r(p) = -82 + 2 + 6 + 3*p + 63. Calculate r(-11).
-44
Let o(l) = -2*l**2 + 16*l - 14. Let z be o(5). Suppose 0 = -5*j - 3*b - 45, 3*j - 5*b + 9 = z. Let f(w) = -w**2 - 5*w - 3. What is f(j)?
-9
Let y(i) = -i**2 - i - 2. Suppose -301 = -162*r + 185. Determine y(r).
-14
Let j(x) = -5*x + 32. Let f(p) = 2*p - 11. Let u(h) = 11*f(h) + 4*j(h). Let k = -94 + 88. Determine u(k).
-5
Let z(t) = 5*t**2 - 2*t - 12. Let j(u) = -14*u**2 + 8*u + 33. Let k(n) = 6*j(n) + 17*z(n). Give k(-11).
-39
Suppose -157 + 137 = -10*b. Suppose 0 = -b*o + 7*o - 30. Let f(h) = -2*h**2 + 6*h + 3. Calculate f(o).
-33
Let t be (-1590)/(-75) + 1/(-5). Let z(a) = 20*a - a**2 + 5 + t*a - 37*a. Suppose v - 5 = -0. Give z(v).
0
Let i(k) = -4*k - 8. Suppose -37 = -y + c + 41, 307 = 4*y + c. Suppose 5*q + y = 47. What is i(q)?
16
Let r(t) = -437*t - 487*t + 928*t + 10. Give r(20).
90
Suppose g + 0 = 5. Let q = -2 + g. Let z(c) = -156*c + c**2 + 310*c + c**q - 152*c + 3. Give z(-2).
-5
Let w(c) = -3*c**2 - 1. Suppose 5*m + x - 80 = 5*x, 5*x = -2*m + 65. Suppose -h = -6*h + m. Suppose 2*u = n + n - 12, 0 = -5*n + h*u + 25. What is w(n)?
-4
Let w(n) = -48*n + 30. Let b be w(-6). Suppose b - 304 = 2*v. Let g(r) = -r**2 + 6*r + 5. Give g(v).
-2
Let n(f) = f**3 - 7*f. Let w(r) = r. Let d(g) = n(g) + 5*w(g). Let c = 6 + -4. What is d(c)?
4
Let b(q) = -6*q**2 + 17*q**2 - 48 + 70*q + 102*q - 113*q - 15*q**2. What is b(14)?
-6
Let g(b) = -b**2 + 85*b - 545. Let h = 8819 + -8741. Give g(h).
1
Suppose 0 = -32*y + 22*y - 180. Let c(a) = 13*a + 14 + 11*a - a**2 + 6*a - 47*a. What is c(y)?
-4
Suppose 4*v - 13 + 241 = 0. Let y = v + 60. Let j(i) = -2*i - 2. Calculate j(y).
-8
Let f be 2*31/(-155) + (-134)/(-10). Let w(v) be the first derivative of -f + v + 3/2*v**2 + 1/3*v**3. Calculate w(-3).
1
Suppose 3*v - 8*v = -30. Let r(a) = -2*a - 49. Let l(i) = i + 18. Let w(m) = -5*l(m) - 2*r(m). What is w(v)?
2
Let l(t) = 11 + 23*t - 4*t**2 - 17*t - 11*t - 3*t**2 + 19*t**2 - 13*t**2. Let v be 2/(-2) + 1 + -7. Calculate l(v).
-3
Let j(w) = 2225 - 1096 + w + w**2 - 1076. Give j(0).
53
Let i be (57/(-6) - -8) + (-7)/(-2). Let n(f) = f. Let s(p) = 2*p + 1. Let x(h) = i*s(h) - 5*n(h). Determine x(-2).
4
Let g(f) be the first derivative of -13*f**2/2 - 17*f - 18. Let v(u) = 3*u + 4. Let l(o) = -2*g(o) - 9*v(o). Suppose 3*j - 80 = 11*j. Calculate l(j).
8
Let n(h) = -3*h**2 - 3*h - 6. Let k(q) be the first derivative of -7*q**3/3 - 5*q**2/2 - 11*q - 135. Let r(v) = -4*k(v) + 9*n(v). Give r(7).
-10
Let b(f) = -2*f**2 + 17. Let m(i) = -2*i**2 + 3*i + 16. Let c(g) = -5*b(g) + 4*m(g). Calculate c(2).
11
Suppose 0 = -41*r + 4*r + 703. Let l(o) = -39*o + 49*o - 9*o + r + 8. Calculate l(-13).
14
Let c(l) = 74211*l**3 - 13*l**2 - 1 + 3 - 74210*l**3. De